18
What is the remainder when 329 is divided by 30?
29
What is the remainder when 474 is divided by 20?
14
Calculate the remainder when 1382 is divided by 213.
104
What is the remainder when 847 is divided by 126?
91
What is the remainder when 78 is divided by 61?
17
Calculate the remainder when 61 is divided by 34.
27
What is the remainder when 100 is divided by 17?
15
Calculate the remainder when 77 is divided by 26.
25
Calculate the remainder when 146 is divided by 21.
20
What is the remainder when 5481 is divided by 6?
3
What is the remainder when 3117 is divided by 24?
21
Calculate the remainder when 622 is divided by 26.
24
What is the remainder when 187 is divided by 39?
31
Calculate the remainder when 234 is divided by 80.
74
What is the remainder when 123 is divided by 63?
60
Calculate the remainder when 1243 is divided by 80.
43
Calculate the remainder when 202 is divided by 28.
6
Calculate the remainder when 193 is divided by 167.
26
What is the remainder when 335 is divided by 109?
8
What is the remainder when 548 is divided by 60?
8
What is the remainder when 2124 is divided by 524?
28
What is the remainder when 161 is divided by 3?
2
Calculate the remainder when 150 is divided by 30.
0
What is the remainder when 2909 is divided by 16?
13
Calculate the remainder when 1935 is divided by 22.
21
What is the remainder when 378 is divided by 4?
2
Calculate the remainder when 9496 is divided by 161.
158
Calculate the remainder when 7 is divided by 4.
3
What is the remainder when 3497 is divided by 35?
32
What is the remainder when 253 is divided by 25?
3
Calculate the remainder when 1028 is divided by 7.
6
What is the remainder when 1190 is divided by 53?
24
Calculate the remainder when 778 is divided by 294.
190
Calculate the remainder when 392 is divided by 42.
14
What is the remainder when 363 is divided by 26?
25
What is the remainder when 266 is divided by 25?
16
What is the remainder when 13394 is divided by 58?
54
What is the remainder when 973 is divided by 175?
98
What is the remainder when 30 is divided by 9?
3
Calculate the remainder when 125 is divided by 33.
26
Calculate the remainder when 496 is divided by 179.
138
Calculate the remainder when 983 is divided by 34.
31
What is the remainder when 3864 is divided by 149?
139
Calculate the remainder when 3557 is divided by 295.
17
What is the remainder when 120 is divided by 21?
15
What is the remainder when 266 is divided by 66?
2
Calculate the remainder when 1617 is divided by 8.
1
What is the remainder when 14 is divided by 5?
4
What is the remainder when 49 is divided by 42?
7
Calculate the remainder when 140 is divided by 24.
20
Calculate the remainder when 1155 is divided by 97.
88
Calculate the remainder when 503 is divided by 7.
6
Calculate the remainder when 604 is divided by 87.
82
Calculate the remainder when 1328 is divided by 111.
107
Calculate the remainder when 142 is divided by 46.
4
What is the remainder when 26691 is divided by 9?
6
What is the remainder when 7502 is divided by 183?
182
Calculate the remainder when 48 is divided by 44.
4
What is the remainder when 335 is divided by 97?
44
What is the remainder when 143 is divided by 18?
17
What is the remainder when 62059 is divided by 286?
283
What is the remainder when 1081 is divided by 34?
27
What is the remainder when 1254 is divided by 9?
3
What is the remainder when 105 is divided by 1?
0
What is the remainder when 3426 is divided by 683?
11
Calculate the remainder when 68 is divided by 15.
8
Calculate the remainder when 3801 is divided by 238.
231
Calculate the remainder when 473 is divided by 40.
33
Calculate the remainder when 611 is divided by 176.
83
What is the remainder when 4448 is divided by 84?
80
What is the remainder when 168 is divided by 97?
71
What is the remainder when 94 is divided by 14?
10
Calculate the remainder when 582 is divided by 15.
12
Calculate the remainder when 264 is divided by 127.
10
Calculate the remainder when 1454 is divided by 360.
14
What is the remainder when 816 is divided by 21?
18
What is the remainder when 75 is divided by 11?
9
Calculate the remainder when 113 is divided by 99.
14
Calculate the remainder when 141 is divided by 48.
45
What is the remainder when 30 is divided by 10?
0
Calculate the remainder when 651 is divided by 82.
77
Calculate the remainder when 967 is divided by 5.
2
Calculate the remainder when 1330 is divided by 43.
40
What is the remainder when 86 is divided by 11?
9
What is the remainder when 1246 is divided by 238?
56
What is the remainder when 21732 is divided by 105?
102
Calculate the remainder when 37 is divided by 18.
1
Calculate the remainder when 131 is divided by 118.
13
Calculate the remainder when 434 is divided by 432.
2
Calculate the remainder when 166 is divided by 51.
13
Calculate the remainder when 675 is divided by 13.
12
What is the remainder when 7258 is divided by 2417?
7
What is the remainder when 4353 is divided by 15?
3
Calculate the remainder when 11594 is divided by 10.
4
Calculate the remainder when 162 is divided by 26.
6
Calculate the remainder when 12 is divided by 2.
0
What is the remainder when 49 is divided by 13?
10
What is the remainder when 8540 is divided by 73?
72
Calculate the remainder when 236 is divided by 64.
44
What is the remainder when 190 is divided by 70?
50
Calculate the remainder when 665 is divided by 117.
80
What is the remainder when 2480 is divided by 31?
0
Calculate the remainder when 225 is divided by 74.
3
What is the remainder when 58 is divided by 32?
26
What is the remainder when 616 is divided by 199?
19
Calculate the remainder when 94 is divided by 81.
13
What is the remainder when 1604 is divided by 527?
23
What is the remainder when 206 is divided by 54?
44
What is the remainder when 6 is divided by 3?
0
What is the remainder when 124 is divided by 38?
10
Calculate the remainder when 4611 is divided by 243.
237
Calculate the remainder when 711 is divided by 25.
11
Calculate the remainder when 99 is divided by 81.
18
Calculate the remainder when 512 is divided by 27.
26
What is the remainder when 3915 is divided by 11?
10
Calculate the remainder when 2811 is divided by 42.
39
Calculate the remainder when 428 is divided by 212.
4
What is the remainder when 63 is divided by 56?
7
Calculate the remainder when 41368 is divided by 10.
8
Calculate the remainder when 14942 is divided by 49.
46
What is the remainder when 232 is divided by 122?
110
What is the remainder when 235 is divided by 34?
31
What is the remainder when 402 is divided by 131?
9
What is the remainder when 13607 is divided by 72?
71
What is the remainder when 204 is divided by 18?
6
What is the remainder when 568 is divided by 19?
17
Calculate the remainder when 4 is divided by 2.
0
Calculate the remainder when 53 is divided by 16.
5
What is the remainder when 4874 is divided by 195?
194
Calculate the remainder when 1026 is divided by 103.
99
What is the remainder when 1341 is divided by 150?
141
What is the remainder when 779 is divided by 11?
9
What is the remainder when 325 is divided by 21?
10
What is the remainder when 140 is divided by 63?
14
Calculate the remainder when 134 is divided by 15.
14
Calculate the remainder when 127 is divided by 22.
17
What is the remainder when 109 is divided by 13?
5
What is the remainder when 41 is divided by 6?
5
What is the remainder when 16 is divided by 3?
1
Calculate the remainder when 144 is divided by 74.
70
Calculate the remainder when 257 is divided by 53.
45
Calculate the remainder when 237 is divided by 22.
17
Calculate the remainder when 106 is divided by 45.
16
What is the remainder when 6119 is divided by 36?
35
Calculate the remainder when 380 is divided by 158.
64
Calculate the remainder when 838 is divided by 105.
103
What is the remainder when 181 is divided by 51?
28
Calculate the remainder when 1944 is divided by 31.
22
Calculate the remainder when 198 is divided by 20.
18
Calculate the remainder when 230 is divided by 47.
42
What is the remainder when 1898 is divided by 40?
18
What is the remainder when 16235 is divided by 12?
11
Calculate the remainder when 288 is divided by 163.
125
Calculate the remainder when 6848 is divided by 89.
84
What is the 